{"id":31,"date":"2025-01-11T00:00:00","date_gmt":"2025-01-10T23:00:00","guid":{"rendered":"https:\/\/wp.adimin.org\/?page_id=31"},"modified":"2025-01-11T00:00:00","modified_gmt":"2025-01-10T23:00:00","slug":"expos-retromobile-davezieux-2013","status":"publish","type":"page","link":"https:\/\/wp.adimin.org\/?page_id=31","title":{"rendered":"R\u00e9tromobile Davezieux 2013"},"content":{"rendered":"<p>L&rsquo;\u00e9quipe d&rsquo;ADImin \u00e9tait pr\u00e9sente en force \u00e0 l&rsquo;exposition R\u00e9tromobile de Davezieux, le weekend du 7 et 8 Septembre. Voici quelques photos.<\/p>\nngg_shortcode_0_placeholder\n","protected":false},"excerpt":{"rendered":"<p>L&rsquo;\u00e9quipe d&rsquo;ADImin \u00e9tait pr\u00e9sente en force \u00e0 l&rsquo;exposition R\u00e9tromobile de Davezieux, le weekend du 7 et 8 Septembre. Voici quelques photos.<\/p>\n","protected":false},"author":1,"featured_media":0,"parent":0,"menu_order":0,"comment_status":"closed","ping_status":"closed","template":"","meta":{"ngg_post_thumbnail":0,"footnotes":""},"class_list":["post-31","page","type-page","status-publish","hentry"],"_links":{"self":[{"href":"https:\/\/wp.adimin.org\/index.php?rest_route=\/wp\/v2\/pages\/31","targetHints":{"allow":["GET"]}}],"collection":[{"href":"https:\/\/wp.adimin.org\/index.php?rest_route=\/wp\/v2\/pages"}],"about":[{"href":"https:\/\/wp.adimin.org\/index.php?rest_route=\/wp\/v2\/types\/page"}],"author":[{"embeddable":true,"href":"https:\/\/wp.adimin.org\/index.php?rest_route=\/wp\/v2\/users\/1"}],"replies":[{"embeddable":true,"href":"https:\/\/wp.adimin.org\/index.php?rest_route=%2Fwp%2Fv2%2Fcomments&post=31"}],"version-history":[{"count":0,"href":"https:\/\/wp.adimin.org\/index.php?rest_route=\/wp\/v2\/pages\/31\/revisions"}],"wp:attachment":[{"href":"https:\/\/wp.adimin.org\/index.php?rest_route=%2Fwp%2Fv2%2Fmedia&parent=31"}],"curies":[{"name":"wp","href":"https:\/\/api.w.org\/{rel}","templated":true}]}}